
Calculate the greatest common divisor of 648670 and 110.
110
Calculate the greatest common factor of 180495 and 9.
9
What is the highest common factor of 153923 and 154?
77
Calculate the highest common divisor of 312 and 13704.
24
Calculate the highest common divisor of 976 and 6608.
16
Calculate the highest common divisor of 15746 and 54.
2
What is the greatest common divisor of 2318 and 23912?
122
Calculate the greatest common factor of 27730 and 15.
5
Calculate the greatest common divisor of 1478 and 10.
2
What is the highest common factor of 329909 and 103?
103
Calculate the highest common divisor of 85990 and 20.
10
What is the highest common factor of 33 and 5236?
11
What is the greatest common divisor of 6664 and 197336?
136
What is the highest common divisor of 263435 and 14573?
1121
Calculate the greatest common factor of 795002 and 26.
26
What is the highest common factor of 14042 and 12733?
119
What is the highest common divisor of 30 and 3354?
6
Calculate the greatest common factor of 4260 and 154740.
60
What is the highest common factor of 757345 and 10855?
835
What is the greatest common factor of 8103 and 1387?
73
Calculate the greatest common factor of 205840 and 4565.
415
What is the highest common divisor of 13186 and 333467?
347
What is the highest common divisor of 4083669 and 27?
27
What is the highest common divisor of 6588 and 43308?
108
Calculate the greatest common divisor of 36 and 157572.
36
Calculate the highest common divisor of 4751900 and 820.
820
What is the greatest common factor of 19936 and 2016?
224
Calculate the highest common factor of 281976 and 744.
744
Calculate the greatest common factor of 28 and 2968924.
28
Calculate the highest common factor of 702 and 24362.
26
What is the highest common factor of 3503 and 11413?
113
What is the greatest common divisor of 1244190 and 335?
335
Calculate the greatest common factor of 78150 and 150.
150
Calculate the highest common divisor of 53513 and 6431.
59
What is the highest common factor of 2552 and 1892?
44
What is the greatest common divisor of 107920 and 50?
10
What is the highest common factor of 175 and 169225?
175
What is the highest common factor of 183 and 61671?
183
Calculate the highest common factor of 246 and 80319.
123
What is the greatest common factor of 30 and 2543110?
10
What is the greatest common divisor of 1244 and 60?
4
What is the highest common factor of 164957 and 364?
13
What is the greatest common divisor of 9471 and 149457?
231
What is the greatest common factor of 402072 and 1320?
264
Calculate the highest common divisor of 28 and 6612004.
28
Calculate the highest common divisor of 74 and 208.
2
What is the greatest common factor of 507 and 277329?
507
Calculate the highest common divisor of 294250 and 44.
22
Calculate the greatest common factor of 13281 and 1634961.
699
Calculate the greatest common factor of 101387 and 2288.
143
Calculate the highest common factor of 19795 and 40.
5
What is the highest common divisor of 272927 and 1?
1
What is the greatest common divisor of 801 and 96387?
267
Calculate the highest common divisor of 162 and 26472258.
162
What is the greatest common factor of 3647 and 2506531?
521
Calculate the greatest common divisor of 142116 and 702.
78
Calculate the highest common factor of 14 and 423276.
14
Calculate the greatest common divisor of 3843 and 11403.
63
What is the greatest common divisor of 7917 and 12064?
377
Calculate the greatest common factor of 4576 and 20800.
416
Calculate the highest common factor of 108 and 528174.
54
What is the greatest common divisor of 1573 and 9559?
121
Calculate the greatest common divisor of 284563 and 323.
323
What is the highest common divisor of 144 and 136386?
18
What is the highest common factor of 1351 and 4354?
7
What is the highest common factor of 1832 and 2376?
8
Calculate the highest common factor of 50427 and 1911.
39
What is the greatest common factor of 46837 and 98?
7
Calculate the greatest common factor of 403 and 4797312.
403
Calculate the highest common factor of 203 and 77749.
203
Calculate the greatest common factor of 4214 and 308525.
301
Calculate the greatest common divisor of 11125 and 65860.
445
What is the greatest common divisor of 1670 and 2060?
10
Calculate the highest common divisor of 4495 and 122525.
145
What is the highest common divisor of 6282 and 67706?
698
Calculate the highest common factor of 19575 and 405.
135
What is the highest common divisor of 365325 and 75?
75
What is the greatest common factor of 2620 and 22500?
20
What is the greatest common divisor of 2601 and 11?
1
What is the highest common divisor of 227568 and 528?
528
Calculate the greatest common factor of 18680 and 400.
40
Calculate the greatest common divisor of 715970 and 30.
10
What is the highest common divisor of 4389 and 29184?
57
What is the highest common factor of 90 and 460458?
18
Calculate the greatest common factor of 229 and 78547.
229
Calculate the highest common divisor of 640 and 177040.
80
Calculate the greatest common factor of 4422 and 1023.
33
What is the highest common factor of 23631 and 6?
3
Calculate the highest common divisor of 1428 and 876.
12
Calculate the greatest common factor of 99825 and 1650.
825
Calculate the greatest common divisor of 373543 and 1962.
109
Calculate the greatest common divisor of 263208 and 11.
11
Calculate the greatest common factor of 95028 and 282.
6
Calculate the highest common divisor of 498 and 1578.
6
What is the highest common divisor of 3125 and 8125?
625
Calculate the highest common factor of 174 and 17808.
6
Calculate the highest common divisor of 4429 and 86.
43
What is the greatest common divisor of 3948709 and 391?
391
Calculate the highest common factor of 109725 and 735.
105
What is the highest common divisor of 34606 and 416?
26
What is the highest common divisor of 76 and 22412?
4
What is the highest common factor of 1216 and 19960?
8
Calculate the greatest common factor of 3772703 and 11.
11
Calculate the highest common factor of 11 and 2159377.
11
What is the highest common factor of 1145232 and 11?
11
Calculate the greatest common factor of 5 and 428775.
5
What is the greatest common factor of 57 and 81?
3
Calculate the highest common divisor of 51135 and 315.
105
Calculate the highest common divisor of 636881 and 259.
259
Calculate the highest common divisor of 973995 and 165.
165
What is the greatest common factor of 4091710 and 210?
70
What is the greatest common factor of 973 and 478299?
139
Calculate the highest common factor of 6149 and 6743.
11
What is the greatest common divisor of 11 and 22088?
11
What is the highest common factor of 5536 and 1024?
32
What is the highest common factor of 1460 and 4325?
5
What is the greatest common divisor of 101200 and 600?
200
Calculate the highest common divisor of 111 and 87357.
111
Calculate the greatest common factor of 126875 and 25.
25
What is the highest common factor of 60955 and 3841?
167
What is the greatest common divisor of 4046 and 53176?
578
What is the highest common divisor of 67770 and 36646?
502
Calculate the highest common factor of 28 and 821443.
7
What is the highest common factor of 70226 and 5291?
481
What is the greatest common factor of 96 and 21192?
24
What is the greatest common factor of 42260 and 60?
20
What is the greatest common divisor of 3239 and 82?
41
What is the greatest common factor of 7261 and 46580?
137
Calculate the greatest common factor of 358120 and 224.
56
Calculate the greatest common divisor of 46 and 44206.
46
What is the greatest common divisor of 2266 and 2156?
22
Calculate the greatest common divisor of 2520 and 330.
30
Calculate the highest common factor of 240 and 25680.
240
Calculate the greatest common divisor of 174624 and 1248.
96
Calculate the greatest common divisor of 82518 and 2346.
102
What is the greatest common factor of 34440 and 360?
120
What is the greatest common factor of 490 and 48930?
70
What is the highest common divisor of 6076 and 140?
28
Calculate the greatest common factor of 46033 and 195.
13
Calculate the greatest common divisor of 3421 and 1386.
11
What is the greatest common factor of 1285 and 66049?
257
Calculate the greatest common divisor of 18 and 12603.
3
Cal